inder when 11035 is divided by 39?
37
Calculate the remainder when 133995 is divided by 96.
75
What is the remainder when 89991 is divided by 220?
11
What is the remainder when 1446 is divided by 1428?
18
Calculate the remainder when 9158 is divided by 57.
38
Calculate the remainder when 8898 is divided by 380.
158
Calculate the remainder when 1960012 is divided by 7.
5
What is the remainder when 7737 is divided by 2541?
114
Calculate the remainder when 99175 is divided by 19833.
10
Calculate the remainder when 23732 is divided by 456.
20
What is the remainder when 225418 is divided by 255?
253
Calculate the remainder when 4078 is divided by 678.
10
What is the remainder when 26628 is divided by 48?
36
Calculate the remainder when 2922 is divided by 394.
164
What is the remainder when 2425 is divided by 174?
163
What is the remainder when 30525 is divided by 5087?
3
What is the remainder when 10504 is divided by 952?
32
Calculate the remainder when 2726 is divided by 17.
6
What is the remainder when 182178 is divided by 16?
2
What is the remainder when 2524789 is divided by 305?
304
Calculate the remainder when 59426 is divided by 716.
714
What is the remainder when 3892 is divided by 26?
18
Calculate the remainder when 4653 is divided by 159.
42
What is the remainder when 92863 is divided by 481?
30
What is the remainder when 4479 is divided by 4470?
9
What is the remainder when 967371 is divided by 241?
238
What is the remainder when 108477 is divided by 12052?
9
What is the remainder when 3968 is divided by 85?
58
What is the remainder when 1365 is divided by 1301?
64
What is the remainder when 36261 is divided by 412?
5
What is the remainder when 3428 is divided by 260?
48
What is the remainder when 956 is divided by 341?
274
What is the remainder when 75510 is divided by 14?
8
Calculate the remainder when 3310798 is divided by 930.
928
What is the remainder when 1053800 is divided by 29?
27
What is the remainder when 23038 is divided by 404?
10
Calculate the remainder when 9109 is divided by 435.
409
Calculate the remainder when 4415845 is divided by 90.
85
Calculate the remainder when 2153 is divided by 715.
8
What is the remainder when 14592 is divided by 292?
284
Calculate the remainder when 1555111 is divided by 119623.
12
What is the remainder when 127073 is divided by 21175?
23
Calculate the remainder when 4099 is divided by 342.
337
What is the remainder when 127151 is divided by 389?
337
Calculate the remainder when 1139 is divided by 191.
184
Calculate the remainder when 1512 is divided by 1026.
486
Calculate the remainder when 61991 is divided by 20.
11
What is the remainder when 50762 is divided by 12688?
10
Calculate the remainder when 7010 is divided by 130.
120
What is the remainder when 6625 is divided by 19?
13
What is the remainder when 7138 is divided by 6791?
347
What is the remainder when 1951 is divided by 959?
33
Calculate the remainder when 25969 is divided by 21.
13
What is the remainder when 73074 is divided by 5219?
8
What is the remainder when 42344 is divided by 230?
24
What is the remainder when 89532 is divided by 244?
228
Calculate the remainder when 170227 is divided by 56729.
40
Calculate the remainder when 1163819 is divided by 342.
335
Calculate the remainder when 783226 is divided by 160.
26
Calculate the remainder when 40920 is divided by 10221.
36
What is the remainder when 121231 is divided by 2474?
5
What is the remainder when 3129 is divided by 987?
168
Calculate the remainder when 148478 is divided by 6749.
0
Calculate the remainder when 9926 is divided by 331.
327
What is the remainder when 3516 is divided by 57?
39
Calculate the remainder when 537 is divided by 170.
27
What is the remainder when 269709 is divided by 63?
6
Calculate the remainder when 6741 is divided by 63.
0
Calculate the remainder when 6316 is divided by 1996.
328
What is the remainder when 3365 is divided by 479?
12
What is the remainder when 27545 is divided by 378?
329
What is the remainder when 4465 is divided by 70?
55
What is the remainder when 1351 is divided by 21?
7
What is the remainder when 9588 is divided by 1598?
0
Calculate the remainder when 1503 is divided by 127.
106
Calculate the remainder when 3411 is divided by 380.
371
Calculate the remainder when 1065 is divided by 475.
115
Calculate the remainder when 40437 is divided by 506.
463
Calculate the remainder when 10204 is divided by 2.
0
What is the remainder when 49631 is divided by 151?
103
What is the remainder when 4648 is divided by 1539?
31
What is the remainder when 4837 is divided by 4?
1
What is the remainder when 500 is divided by 452?
48
What is the remainder when 882 is divided by 286?
24
Calculate the remainder when 3508 is divided by 3492.
16
Calculate the remainder when 1383180 is divided by 271.
267
Calculate the remainder when 67867 is divided by 33877.
113
What is the remainder when 66813 is divided by 928?
925
What is the remainder when 28384 is divided by 37?
5
What is the remainder when 47539 is divided by 53?
51
Calculate the remainder when 3413 is divided by 461.
186
Calculate the remainder when 4638 is divided by 435.
288
Calculate the remainder when 448 is divided by 89.
3
Calculate the remainder when 233623 is divided by 116807.
9
Calculate the remainder when 1385 is divided by 578.
229
Calculate the remainder when 2447 is divided by 82.
69
Calculate the remainder when 10820 is divided by 31.
1
What is the remainder when 5365 is divided by 1683?
316
Calculate the remainder when 777 is divided by 458.
319
Calculate the remainder when 4913 is divided by 4829.
84
What is the remainder when 73434 is divided by 24474?
12
Calculate the remainder when 1196 is divided by 1166.
30
What is the remainder when 687269 is divided by 465?
464
Calculate the remainder when 32327 is divided by 10772.
11
Calculate the remainder when 23798 is divided by 5944.
22
Calculate the remainder when 5653 is divided by 684.
181
What is the remainder when 822354 is divided by 1658?
1644
Calculate the remainder when 357409 is divided by 151.
143
Calculate the remainder when 106701 is divided by 156.
153
What is the remainder when 2140 is divided by 4?
0
What is the remainder when 124040 is divided by 399?
350
Calculate the remainder when 1813 is divided by 1168.
645
What is the remainder when 128800 is divided by 2995?
15
Calculate the remainder when 149639 is divided by 21377.
0
What is the remainder when 10967 is divided by 22?
11
What is the remainder when 3801 is divided by 3798?
3
Calculate the remainder when 12338 is divided by 383.
82
Calculate the remainder when 1112851 is divided by 46.
19
What is the remainder when 174429 is divided by 552?
549
Calculate the remainder when 8515 is divided by 1.
0
Calculate the remainder when 648886 is divided by 38.
36
What is the remainder when 61487 is divided by 24?
23
What is the remainder when 111309 is divided by 543?
537
Calculate the remainder when 5451 is divided by 37.
12
What is the remainder when 994 is divided by 110?
4
What is the remainder when 243788 is divided by 277?
28
What is the remainder when 33015 is divided by 96?
87
Calculate the remainder when 24444 is divided by 37.
24
Calculate the remainder when 1980 is divided by 220.
0
What is the remainder when 1418756 is divided by 21?
17
Calculate the remainder when 17029 is divided by 75.
4
Calculate the remainder when 85548 is divided by 23.
11
Calculate the remainder when 19369 is divided by 29.
26
What is the remainder when 7032 is divided by 60?
12
What is the remainder when 47627 is divided by 42?
41
Calculate the remainder when 154933 is divided by 45.
43
Calculate the remainder when 9012 is divided by 752.
740
Calculate the remainder when 1012529 is divided by 294.
287
What is the remainder when 29081 is divided by 28882?
199
Calculate the remainder when 9524 is divided by 2256.
500
What is the remainder when 27775 is divided by 43?
40
Calculate the remainder when 104426 is divided by 13.
10
What is the remainder when 64595 is divided by 21501?
92
Calculate the remainder when 52327 is divided by 8699.
133
Calculate the remainder when 2803 is divided by 8.
3
What is the remainder when 7881 is divided by 282?
267
Calculate the remainder when 518